34. What is a(9)?
-108
Let w(o) = -20*o**2 + 1547*o + 323. Determine w(77).
862
Let m(t) = t**2 + 1019*t + 18018. Give m(-18).
0
Let a(z) = z**2 - 2412*z - 28984. What is a(-12)?
104
Let t(u) = 23*u**3 + 279*u**2 + 10*u - 196. Determine t(-12).
116
Let f(v) = 7*v**3 - 368*v**2 - 938*v + 173. Give f(55).
8
Let x(k) = -19*k**2 - 110*k + 19427. What is x(-35)?
2
Let c(j) = -j**2 - 55*j + 520. Determine c(-61).
154
Let i(t) = 10494*t - 20981. What is i(2)?
7
Let p(n) = 501*n - 38169. What is p(77)?
408
Let p(y) = -267628*y + 4014429. What is p(15)?
9
Let b(f) = f**2 - 240*f - 172243. Determine b(552).
-19
Let g(o) = -357*o + 89593. Calculate g(251).
-14
Let j(l) = -5*l**2 + 236*l - 2545. Calculate j(31).
-34
Let c(d) = -d**3 + 98*d**2 + 47783*d + 1411. Determine c(-175).
11
Let b(m) = -212*m**3 + 1907*m**2 - 46*m + 234. Give b(9).
-261
Let t(l) = -2767*l + 262866. What is t(95)?
1
Let r(u) = 5*u**2 - 1581*u - 53806. Calculate r(-31).
10
Let k(x) = 56*x**3 + 332*x**2 - 27*x - 3. Determine k(-6).
15
Let l(m) = -6*m**3 - 63*m**2 + 28*m + 335. What is l(-11)?
390
Let l(h) = 947*h - 807. What is l(2)?
1087
Let f(q) = -6*q**3 + 267*q**2 - 2743*q + 131. Determine f(16).
19
Let w(b) = -8*b**2 + 1307*b + 1877. Determine w(164).
1057
Let c(l) = l**3 + 129*l**2 + 3105*l + 85. Determine c(-97).
-12
Let a(u) = 40*u**3 + 4*u**2 + 2*u + 8. What is a(-2)?
-300
Let g(y) = 1475*y + 44251. Give g(-30).
1
Let o(q) = -80467*q - 160922. Give o(-2).
12
Let r(x) = 107845*x + 539178. Calculate r(-5).
-47
Let u(l) = -2*l**3 - 182*l**2 + 206*l + 1143. Determine u(-92).
-881
Let x(a) = -19*a**3 - 24*a**2 - 52*a - 18. Calculate x(-2).
142
Let f(n) = -n**3 + 12*n**2 + 48*n - 427. Calculate f(12).
149
Let b(a) = 297*a - 5038. Calculate b(13).
-1177
Let u(j) = -97366*j + 133. Calculate u(0).
133
Let q(n) = -34*n**2 + 110*n + 731. What is q(-3)?
95
Let p(j) = j**2 + 1141*j - 22049. Calculate p(19).
-9
Let q(a) = 10*a**2 - 140*a - 959. What is q(-8)?
801
Let j(u) = -11*u**2 + 120*u + 6888. Determine j(31).
37
Let n(j) = 1059*j - 26468. What is n(25)?
7
Let t(j) = j**3 + 17*j**2 + 110*j + 2609. Determine t(-19).
-203
Let q(o) = -59*o**2 + 210*o - 77. Give q(3).
22
Let f(j) = j**2 - 308*j + 4957. Determine f(291).
10
Let n(a) = 20805*a - 291285. Determine n(14).
-15
Let v(r) = -r**2 - 452*r - 39240. Calculate v(-117).
-45
Let n(z) = 3286*z + 1485269. Calculate n(-452).
-3
Let i(o) = -2324*o - 18654. What is i(-8)?
-62
Let k(q) = -3*q**3 + q**2 - 60. Calculate k(0).
-60
Let v(q) = q**3 + 12*q**2 - 173*q - 2090. Determine v(-11).
-66
Let s(t) = 25262*t - 303119. Determine s(12).
25
Let y(o) = 2*o**2 + 14278*o + 85635. Determine y(-6).
39
Let j(y) = 699*y**2 + 55265*y + 3472. Give j(-79).
-4
Let y(t) = -29*t**2 + 1034*t + 7725. Give y(42).
-3
Let h(i) = -2*i**3 - 53*i**2 + 32*i + 101. What is h(-27)?
-34
Let w(j) = -j**3 + j**2 + 395*j + 1953. Calculate w(-17).
440
Let h(a) = a**2 + 143*a + 4614. Give h(-84).
-342
Let l(h) = 28*h**3 + 2*h**2 - 2784*h - 2786. Determine l(-1).
-28
Let y(w) = 960*w**2 - 365*w - 32366. What is y(6)?
4
Let c(o) = -o**3 - 270*o**2 - 10439*o - 2735740. What is c(-269)?
-10
Let m(x) = 160*x**2 - 8626*x - 744. What is m(54)?
12
Let s(p) = -293*p - 9408. Calculate s(-32).
-32
Let s(w) = 9*w**2 + 233*w + 1474. Calculate s(-12).
-26
Let p(s) = s**2 - 1617*s + 103802. What is p(67)?
-48
Let m(o) = -175*o - 966. What is m(-6)?
84
Let o(g) = g**2 - 1435*g - 121235. Give o(-80).
-35
Let j(s) = -198*s**2 - 26*s - 45. Give j(-2).
-785
Let y(r) = 502*r + 117965. Determine y(-235).
-5
Let i(r) = r**3 - 75*r**2 - 23*r - 3834. Calculate i(76).
194
Let h(m) = -860*m + 141032. What is h(164)?
-8
Let j(m) = m**2 - 6566*m - 92097. Give j(-14).
23
Let d(q) = 130*q**2 + q - 6. Give d(-3).
1161
Let i(k) = -4*k**3 + 61*k**2 - 20*k - 46. What is i(10)?
1854
Let y(u) = -8*u**3 + 5739*u**2 - 13586*u + 704. Determine y(715).
-11
Let s(m) = m**3 + 42*m**2 + 141*m - 207. What is s(-5)?
13
Let j(g) = 163*g**2 + 1253*g + 2151. Calculate j(-5).
-39
Let a(b) = 89707*b - 897327. What is a(10)?
-257
Let v(f) = -14*f**3 - 4*f**2 - 34*f + 105. Calculate v(5).
-1915
Let p(w) = -3*w**2 + 3*w + 66. Give p(5).
6
Let t(b) = 3*b**2 - 1524*b + 188013. Determine t(211).
12
Let u(i) = 6171*i - 462835. What is u(75)?
-10
Let q(a) = -3*a**2 - 154512*a - 772500. Give q(-5).
-15
Let j(l) = -2113*l - 2123567. What is j(-1005)?
-2
Let j(q) = q**3 - 332*q**2 + 24193*q - 108. Calculate j(108).
0
Let n(l) = -6*l**3 + 345*l**2 - 223*l + 3017. Determine n(57).
53
Let b(d) = -3*d**3 + 4045*d**2 + 16168*d - 112. Determine b(-4).
128
Let k(n) = -12*n**3 + 3*n**2 - 14*n + 11. What is k(0)?
11
Let n(f) = -60*f**2 - 162*f + 695. What is n(4)?
-913
Let b(s) = -s**3 - 179*s**2 + 2296*s + 440445. Determine b(-178).
73
Let t(n) = -n**3 + 10*n**2 - 6741*n + 33603. Give t(5).
23
Let s(r) = -2*r**3 + 7*r**2 - 46*r - 414. Calculate s(0).
-414
Let z(l) = -l**2 - 353*l + 7864. What is z(21)?
10
Let r(l) = 746*l + 69301. Calculate r(-93).
-77
Let q(s) = 10*s**2 - 5999*s + 40906. Determine q(593).
-11
Let r(s) = 3*s**3 + 557*s**2 + 1983*s - 3549. Give r(-182).
-91
Let a(v) = -954*v + 235612. Determine a(247).
-26
Let l(k) = 6*k**3 + 348*k**2 - 42*k - 2440. Determine l(-58).
-4
Let b(p) = 377*p - 18772. Determine b(49).
-299
Let z(j) = -5819*j + 855425. Calculate z(147).
32
Let b(j) = -j**2 - 101*j + 22890. Determine b(109).
0
Let v(k) = -k**2 + 355*k + 1071. What is v(-3)?
-3
Let z(u) = 5*u**3 + 974*u**2 - 195*u - 174. Calculate z(-195).
-174
Let u(f) = 2*f**2 + 169*f - 9618. Determine u(42).
1008
Let q(x) = -98245*x + 1473690. What is q(15)?
15
Let t(o) = 21*o**2 - 3654*o + 10. Calculate t(174).
10
Let w(x) = -7220*x + 29378. Give w(4).
498
Let b(z) = -15*z**2 - 1687*z + 6157. Calculate b(-116).
9
Let a(w) = -359985*w + 7919667. What is a(22)?
-3
Let k(b) = -b**3 - 38*b**2 - 1106*b - 3884. Give k(-4).
-4
Let a(r) = r**3 - 201*r**2 - 11952*r + 3. What is a(-48)?
3
Let u(z) = -9*z**3 + 208*z**2 - 17*z - 148. Give u(23).
-10
Let o(c) = -c**3 - 257*c**2 - 3176*c - 93. Give o(-13).
-41
Let t(a) = 5*a**2 + 4166*a - 12533. Determine t(3).
10
Let g(a) = -12*a**3 - 53*a**2 - 37*a - 316. Determine g(-6).
590
Let v(q) = -2*q**2 + 47065*q + 4109784. Determine v(-87).
-9
Let h(r) = 5486*r + 828410. Calculate h(-151).
24
Let l(t) = t**2 - 876*t - 5313. What is l(-6)?
-21
Let b(t) = 6*t**3 - 61*t**2 + 1099*t - 10916. What is b(10)?
-26
Let a(w) = -w**3 + 66*w**2 - 1013*w + 40. Calculate a(24).
-80
Let h(m) = m**2 - 1054*m + 15839. What is h(15)?
254
Let b(u) = -u**2 + 765*u - 9775. Determine b(752).
1
Let i(a) = -29*a**2 - 643*a - 85. Determine i(-21).
629
Let a(d) = 7660*d - 38327. Determine a(5).
-27
Let w(h) = -511*h**3 - 2558*h**2 + 77*h + 417. Give w(-5).
-43
Let v(d) = -41386*d + 1531271. Calculate v(37).
-11
Let w(t) = -225088*t - 450183. Calculate w(-2).
-7
Let v(h) = 17667*h - 300333. What is v(17)?
6
Let s(i) = 20037*i - 80150. Determine s(4).
-2
Let v(b) = 1553*b + 525. Calculate v(1).
2078
Let o(g) = 17*g**2 + 1364*g + 309. Determine o(-80).
-11
Let z(w) = -973*w - 6745. Determine z(-7).
66
Let i(n) = -1336452*n + 68159045. What is i(51)?
-7
Let s(x) = -4*x**2 + 222*x + 1619. Calculate s(62).
7
Let q(v) = -v**3 + 77*v**2 + 700*v - 9291. Determine q(84).
117
Let a(d) = 42*d**2 - 313*d - 936. Determine a(-3).
381
Let m(c) = 2*c**2 - 7447*c - 6637217. Calculate m(-743).
2
Let k(a) = -60*a**2 + 635*a - 54. Determine k(0).
-54
Let k(t) = t**3 - 150*t**2 - 329*t + 2959. Give k(152).
-841
Let g(p) = 4*p**2 - 2095*p + 6277. Calculate g(3).
28
Let s(x) = -33385*x**2 - 300463*x + 16. Give s(-9).
-2
Let q(g) = -16*g**2 + 3546*g + 1301. Give q(222).
-31
Let l(o) = 7*o**3 + 457*o**2 + 609*o + 2176. Determine l(-64).
64
Let z(t) = 50*t**2 - 426*t - 1287. Give z(-3).
441
Let f(r) = r**2 + 4*r - 17917. Give f(132).
35
Let w(f) = -4739*f - 99555. Calculate w(-21).
-36
Let a(h) = -h**2 + 1331*h - 49120. Give a(38).
14
Let l(o) = -o**2 + 4619*o - 141896. Calculate l(31).
332
Let t(u) = 3*u**2 + 309*u + 225. Calculate t(-85).
-4365
Let k(v) = 50*v**2 + 1898*v - 2020. What is k(-39)?
8
Let i(a) = -10*a**3 + 107*a**2 - 112*a + 1050. Give i(10).
630
Let q(i) = 22529*i + 22504. Give q(-1).
-25
Let f(i) = 70*i**2 + 23198*i + 9204. What is f(-331)?
-64
Le